 and 60.
20
Calculate the greatest common factor of 8 and 2.
2
Calculate the highest common divisor of 325 and 39.
13
Calculate the highest common factor of 165 and 429.
33
Calculate the greatest common divisor of 15617 and 161.
161
Calculate the highest common divisor of 235 and 10.
5
Calculate the greatest common divisor of 6 and 23346.
6
What is the greatest common factor of 162 and 81?
81
Calculate the greatest common divisor of 1458 and 378.
54
What is the highest common factor of 1258 and 136?
34
What is the highest common divisor of 93 and 837?
93
What is the greatest common factor of 195 and 60?
15
What is the greatest common divisor of 22592 and 16?
16
What is the greatest common divisor of 720 and 80?
80
What is the highest common factor of 7 and 498?
1
Calculate the highest common factor of 152 and 7486.
38
Calculate the highest common factor of 649 and 11.
11
Calculate the highest common factor of 121 and 308.
11
What is the greatest common factor of 11010 and 30?
30
Calculate the highest common divisor of 345 and 60.
15
What is the greatest common factor of 45 and 45?
45
Calculate the highest common factor of 272 and 176.
16
Calculate the highest common divisor of 35 and 28.
7
Calculate the highest common divisor of 1350 and 54.
54
Calculate the highest common factor of 54 and 18.
18
Calculate the highest common factor of 2108 and 68.
68
What is the highest common factor of 1998 and 216?
54
What is the greatest common divisor of 7 and 413?
7
Calculate the greatest common factor of 2619 and 27.
27
What is the highest common factor of 66 and 9834?
66
What is the highest common divisor of 56 and 140?
28
Calculate the greatest common divisor of 348 and 290.
58
Calculate the highest common divisor of 60 and 135.
15
Calculate the greatest common factor of 252 and 1953.
63
Calculate the greatest common factor of 312 and 192.
24
What is the highest common factor of 696 and 754?
58
Calculate the greatest common divisor of 56 and 70.
14
What is the greatest common divisor of 495 and 18?
9
Calculate the highest common factor of 77 and 119.
7
What is the highest common divisor of 3012 and 12?
12
Calculate the greatest common divisor of 33 and 11.
11
Calculate the highest common factor of 9 and 7.
1
What is the highest common factor of 136 and 104?
8
Calculate the highest common divisor of 21 and 847.
7
What is the highest common divisor of 206 and 2369?
103
What is the highest common divisor of 25 and 410?
5
Calculate the greatest common factor of 77 and 869.
11
Calculate the greatest common divisor of 47 and 5.
1
Calculate the greatest common factor of 90 and 2830.
10
What is the highest common divisor of 255 and 3995?
85
What is the highest common divisor of 333 and 36?
9
What is the highest common factor of 105 and 315?
105
What is the highest common factor of 142 and 71?
71
Calculate the highest common factor of 203 and 29.
29
Calculate the greatest common divisor of 583 and 265.
53
Calculate the highest common divisor of 2950 and 80.
10
What is the greatest common divisor of 2479 and 1675?
67
What is the highest common factor of 29211 and 273?
273
What is the greatest common divisor of 5572 and 7?
7
Calculate the greatest common divisor of 264 and 32.
8
Calculate the greatest common divisor of 436 and 4.
4
Calculate the highest common factor of 8 and 34.
2
What is the highest common factor of 385 and 11473?
77
What is the greatest common divisor of 17 and 9707?
17
Calculate the highest common factor of 9 and 5211.
9
What is the highest common factor of 344 and 9460?
172
What is the greatest common divisor of 1872 and 351?
117
Calculate the greatest common divisor of 975 and 75.
75
What is the highest common divisor of 225 and 6705?
45
What is the greatest common factor of 6012 and 168?
12
Calculate the highest common factor of 61 and 4819.
61
What is the highest common divisor of 311 and 2?
1
Calculate the greatest common factor of 11136 and 261.
87
What is the highest common factor of 306 and 72?
18
Calculate the greatest common divisor of 135 and 285.
15
What is the highest common factor of 144 and 639?
9
What is the highest common divisor of 217 and 155?
31
What is the highest common divisor of 4961 and 41?
41
Calculate the highest common factor of 174 and 45762.
174
Calculate the greatest common divisor of 14 and 14.
14
Calculate the greatest common factor of 140 and 5670.
70
Calculate the greatest common factor of 102 and 8466.
102
What is the greatest common factor of 52 and 20?
4
What is the highest common divisor of 3743 and 19?
19
What is the highest common factor of 14 and 406?
14
What is the highest common factor of 237 and 395?
79
Calculate the highest common factor of 22 and 6182.
22
What is the greatest common factor of 8483 and 119?
17
Calculate the greatest common divisor of 576 and 2.
2
What is the greatest common factor of 21 and 7077?
21
What is the greatest common divisor of 90 and 110?
10
Calculate the greatest common divisor of 8 and 332.
4
What is the highest common factor of 8915 and 15?
5
Calculate the highest common factor of 84 and 189.
21
Calculate the greatest common divisor of 54 and 2889.
27
Calculate the greatest common divisor of 11998 and 56.
14
What is the greatest common divisor of 12 and 384?
12
Calculate the greatest common factor of 48 and 544.
16
Calculate the greatest common divisor of 1956 and 2.
2
Calculate the highest common divisor of 638 and 87.
29
What is the highest common factor of 68 and 4352?
68
Calculate the greatest common divisor of 96 and 60.
12
What is the highest common divisor of 3750 and 54?
6
What is the greatest common divisor of 1457 and 3901?
47
Calculate the greatest common divisor of 192 and 3.
3
Calculate the highest common divisor of 104 and 4108.
52
What is the greatest common factor of 2068 and 176?
44
Calculate the greatest common divisor of 1770 and 30.
30
What is the highest common divisor of 3 and 138?
3
What is the highest common divisor of 11506 and 22?
22
Calculate the highest common factor of 10872 and 108.
36
What is the highest common factor of 1755 and 65?
65
What is the greatest common factor of 90 and 81?
9
What is the highest common factor of 160 and 170?
10
What is the highest common divisor of 48 and 512?
16
Calculate the greatest common factor of 496 and 62.
62
What is the greatest common divisor of 10 and 1390?
10
What is the greatest common factor of 576 and 32?
32
Calculate the greatest common divisor of 64 and 28.
4
What is the highest common factor of 315 and 280?
35
Calculate the greatest common factor of 1296 and 16.
16
Calculate the greatest common factor of 88 and 24.
8
Calculate the greatest common divisor of 200 and 2200.
200
Calculate the highest common factor of 88 and 1364.
44
What is the greatest common factor of 45 and 267?
3
What is the highest common factor of 124 and 4?
4
What is the greatest common factor of 1944 and 8?
8
Calculate the highest common factor of 496 and 400.
16
Calculate the greatest common divisor of 304 and 266.
38
What is the highest common divisor of 6 and 75?
3
Calculate the highest common divisor of 138 and 5566.
46
Calculate the greatest common factor of 630 and 266.
14
What is the highest common factor of 41 and 11603?
41
What is the greatest common divisor of 10 and 170?
10
Calculate the greatest common divisor of 9334 and 39.
13
What is the greatest common factor of 175 and 560?
35
Calculate the greatest common factor of 11 and 297.
11
Calculate the highest common divisor of 1218 and 42.
42
What is the greatest common divisor of 52 and 156?
52
Calculate the greatest common factor of 874 and 184.
46
Calculate the greatest common divisor of 240 and 9.
3
Calculate the highest common divisor of 4340 and 80.
20
Calculate the greatest common factor of 506 and 242.
22
Calculate the greatest common factor of 442 and 26.
26
What is the greatest common factor of 861 and 1599?
123
What is the greatest common factor of 40 and 1640?
40
Calculate the highest common factor of 8 and 520.
8
Calculate the greatest common factor of 170 and 36635.
85
Calculate the highest common factor of 98 and 56.
14
What is the greatest common divisor of 2358 and 4454?
262
What is the highest common divisor of 36 and 144?
36
Calculate th